{"id":508,"date":"2017-03-18T10:01:54","date_gmt":"2017-03-18T08:01:54","guid":{"rendered":"http:\/\/www.ayanar.net\/blog\/?page_id=508"},"modified":"2025-10-05T07:20:47","modified_gmt":"2025-10-05T05:20:47","slug":"convergence","status":"publish","type":"page","link":"https:\/\/www.ayanar.net\/blog\/?page_id=508","title":{"rendered":"Convergence"},"content":{"rendered":"\n<p><strong>Roman SF (dystopie) \/ auto\u00e9dition<\/strong><\/p>\n\n\n\n<p>Tout s\u00e9pare Aby en 1990, et Abigail en 2136. Mais les destins des deux femmes sont li\u00e9s. Elles doivent se rejoindre \u00e0 travers le temps, pour emp\u00eacher la disparition des abeilles sur Terre.<\/p>\n\n\n\n<p>Cr\u00e9dits :<br>Relectures, b\u00eata-lectures : <a rel=\"noopener\" href=\"https:\/\/nadegemargaud.fr\" target=\"_blank\">Nad\u00e8ge Margaud<\/a>, <a rel=\"noopener\" href=\"https:\/\/perosiaastelle.fr\" target=\"_blank\">Perosia Astelle<\/a><br>Illustrations, couverture et portraits :<br><a rel=\"noopener\" href=\"https:\/\/johannblais.artstation.com\" target=\"_blank\">Johann Blais &#8211; Art of Papayou<\/a><br>Corrections, maquette int\u00e9rieure :<br><a rel=\"noopener\" href=\"http:\/\/www.laplumenumerique.fr\" target=\"_blank\">Nicolas Koch &#8211; La Plume num\u00e9rique<\/a><br>Texte, maquette de couverture : St\u00e9phane Pavanelli<\/p>\n\n\n\n<p><a href=\"https:\/\/www.ayanar.net\/blog\/?p=636\">-R\u00e9sum\u00e9 de la quatri\u00e8me de couverture<\/a><br><a href=\"https:\/\/www.ayanar.net\/blog\/?p=1507\">-Inspirations<\/a><br><a href=\"https:\/\/www.ayanar.net\/blog\/?p=1439\">-Pourquoi auto\u00e9diter ce roman ?<\/a><\/p>\n\n\n\n<p><a rel=\"noreferrer noopener\" href=\"https:\/\/podcast.ausha.co\/le-cafe-des-auteurs\/ecrire-un-roman-de-sf-autofinance\" target=\"_blank\"><strong>\u00c9pisode du podcast Le Caf\u00e9 des Auteurs sur Convergence et sa campagne de financement<\/strong><\/a><\/p>\n\n\n\n<figure class=\"wp-block-embed is-type-video is-provider-vimeo wp-block-embed-vimeo wp-embed-aspect-16-9 wp-has-aspect-ratio\"><div class=\"wp-block-embed__wrapper\">\n<iframe loading=\"lazy\" title=\"Convergence - roman SF\" src=\"https:\/\/player.vimeo.com\/video\/758396251?dnt=1&amp;app_id=122963\" width=\"474\" height=\"267\" frameborder=\"0\" allow=\"autoplay; fullscreen; picture-in-picture; clipboard-write\"><\/iframe>\n<\/div><figcaption class=\"wp-element-caption\">Pr\u00e9sentation de la campagne Ulule<\/figcaption><\/figure>\n\n\n\n<figure class=\"wp-block-embed is-type-video is-provider-vimeo wp-block-embed-vimeo wp-embed-aspect-16-9 wp-has-aspect-ratio\"><div class=\"wp-block-embed__wrapper\">\n<iframe loading=\"lazy\" title=\"Interview Johann Blais\" src=\"https:\/\/player.vimeo.com\/video\/765463303?dnt=1&amp;app_id=122963\" width=\"474\" height=\"267\" frameborder=\"0\" allow=\"autoplay; fullscreen; picture-in-picture; clipboard-write\"><\/iframe>\n<\/div><figcaption class=\"wp-element-caption\">Interview de Johann Blais &#8211; Art of Papayou<\/figcaption><\/figure>\n","protected":false},"excerpt":{"rendered":"<p>Roman SF (dystopie) \/ auto\u00e9dition Tout s\u00e9pare Aby en 1990, et Abigail en 2136. Mais les destins des deux femmes sont li\u00e9s. Elles doivent se rejoindre \u00e0 travers le temps, pour emp\u00eacher la disparition des abeilles sur Terre. Cr\u00e9dits :Relectures, b\u00eata-lectures : Nad\u00e8ge Margaud, Perosia AstelleIllustrations, couverture et portraits :Johann Blais &#8211; Art of PapayouCorrections, &hellip; <a href=\"https:\/\/www.ayanar.net\/blog\/?page_id=508\" class=\"more-link\">Continuer la lecture de <span class=\"screen-reader-text\">Convergence<\/span>  <span class=\"meta-nav\">&rarr;<\/span><\/a><\/p>\n","protected":false},"author":1,"featured_media":1483,"parent":0,"menu_order":0,"comment_status":"closed","ping_status":"closed","template":"","meta":{"footnotes":""},"class_list":["post-508","page","type-page","status-publish","has-post-thumbnail","hentry"],"_links":{"self":[{"href":"https:\/\/www.ayanar.net\/blog\/index.php?rest_route=\/wp\/v2\/pages\/508","targetHints":{"allow":["GET"]}}],"collection":[{"href":"https:\/\/www.ayanar.net\/blog\/index.php?rest_route=\/wp\/v2\/pages"}],"about":[{"href":"https:\/\/www.ayanar.net\/blog\/index.php?rest_route=\/wp\/v2\/types\/page"}],"author":[{"embeddable":true,"href":"https:\/\/www.ayanar.net\/blog\/index.php?rest_route=\/wp\/v2\/users\/1"}],"replies":[{"embeddable":true,"href":"https:\/\/www.ayanar.net\/blog\/index.php?rest_route=%2Fwp%2Fv2%2Fcomments&post=508"}],"version-history":[{"count":53,"href":"https:\/\/www.ayanar.net\/blog\/index.php?rest_route=\/wp\/v2\/pages\/508\/revisions"}],"predecessor-version":[{"id":1815,"href":"https:\/\/www.ayanar.net\/blog\/index.php?rest_route=\/wp\/v2\/pages\/508\/revisions\/1815"}],"wp:featuredmedia":[{"embeddable":true,"href":"https:\/\/www.ayanar.net\/blog\/index.php?rest_route=\/wp\/v2\/media\/1483"}],"wp:attachment":[{"href":"https:\/\/www.ayanar.net\/blog\/index.php?rest_route=%2Fwp%2Fv2%2Fmedia&parent=508"}],"curies":[{"name":"wp","href":"https:\/\/api.w.org\/{rel}","templated":true}]}}

<p><strong>Roman SF (dystopie) / autoédition</strong></p>



<p>Tout sépare Aby en 1990, et Abigail en 2136. Mais les destins des deux femmes sont liés. Elles doivent se rejoindre à travers le temps, pour empêcher la disparition des abeilles sur Terre.</p>



<p>Crédits :<br>Relectures, bêta-lectures : <a rel="noopener" href="https://nadegemargaud.fr" target="_blank">Nadège Margaud</a>, <a rel="noopener" href="https://perosiaastelle.fr" target="_blank">Perosia Astelle</a><br>Illustrations, couverture et portraits :<br><a rel="noopener" href="https://johannblais.artstation.com" target="_blank">Johann Blais &#8211; Art of Papayou</a><br>Corrections, maquette intérieure :<br><a rel="noopener" href="http://www.laplumenumerique.fr" target="_blank">Nicolas Koch &#8211; La Plume numérique</a><br>Texte, maquette de couverture : Stéphane Pavanelli</p>



<p><a href="https://www.ayanar.net/blog/?p=636">-Résumé de la quatrième de couverture</a><br><a href="https://www.ayanar.net/blog/?p=1507">-Inspirations</a><br><a href="https://www.ayanar.net/blog/?p=1439">-Pourquoi autoéditer ce roman ?</a></p>



<p><a rel="noreferrer noopener" href="https://podcast.ausha.co/le-cafe-des-auteurs/ecrire-un-roman-de-sf-autofinance" target="_blank"><strong>Épisode du podcast Le Café des Auteurs sur Convergence et sa campagne de financement</strong></a></p>



<figure class="wp-block-embed is-type-video is-provider-vimeo wp-block-embed-vimeo wp-embed-aspect-16-9 wp-has-aspect-ratio"><div class="wp-block-embed__wrapper">
<iframe loading="lazy" title="Convergence - roman SF" src="https://player.vimeo.com/video/758396251?dnt=1&amp;app_id=122963" width="474" height="267" frameborder="0" allow="autoplay; fullscreen; picture-in-picture; clipboard-write"></iframe>
</div><figcaption class="wp-element-caption">Présentation de la campagne Ulule</figcaption></figure>



<figure class="wp-block-embed is-type-video is-provider-vimeo wp-block-embed-vimeo wp-embed-aspect-16-9 wp-has-aspect-ratio"><div class="wp-block-embed__wrapper">
<iframe loading="lazy" title="Interview Johann Blais" src="https://player.vimeo.com/video/765463303?dnt=1&amp;app_id=122963" width="474" height="267" frameborder="0" allow="autoplay; fullscreen; picture-in-picture; clipboard-write"></iframe>
</div><figcaption class="wp-element-caption">Interview de Johann Blais &#8211; Art of Papayou</figcaption></figure>

<p>Roman SF (dystopie) / autoédition Tout sépare Aby en 1990, et Abigail en 2136. Mais les destins des deux femmes sont liés. Elles doivent se rejoindre à travers le temps, pour empêcher la disparition des abeilles sur Terre. Crédits :Relectures, bêta-lectures : Nadège Margaud, Perosia AstelleIllustrations, couverture et portraits :Johann Blais &#8211; Art of PapayouCorrections, &hellip; <a href="https://www.ayanar.net/blog/?page_id=508" class="more-link">Continuer la lecture de <span class="screen-reader-text">Convergence</span>  <span class="meta-nav">&rarr;</span></a></p>
