{"id":11,"date":"2012-06-24T13:25:22","date_gmt":"2012-06-24T11:25:22","guid":{"rendered":"http:\/\/www.ayanar.net\/blog\/?page_id=11"},"modified":"2021-01-10T20:00:25","modified_gmt":"2021-01-10T18:00:25","slug":"lorimi-roman-sf","status":"publish","type":"page","link":"https:\/\/www.ayanar.net\/blog\/?page_id=11","title":{"rendered":"La Voyageuse d&rsquo;Ayanar"},"content":{"rendered":"<p align=\"justify\"><strong>SF (planet-opera) en deux tomes \/ \u00e9ditions NL Numeriklivres<\/strong><\/p>\n<p align=\"justify\"><strong><em>\u00c9puis\u00e9s ! R\u00e9\u00e9dition envisag\u00e9e.<\/em><\/strong><\/p>\n<p align=\"justify\"><em>Un r\u00e9cit \u00e9pique centr\u00e9 sur deux adolescents. L&rsquo;action se joue sur un autre monde, o\u00f9 survivent les civilisations descendantes du peuple des \u00e9toiles.<br \/><\/em>La qu\u00eate d&rsquo;identit\u00e9 de deux adolescents leur fait d\u00e9couvrir les origines de l&rsquo;humanit\u00e9.<\/p>\n<p align=\"justify\"><a title=\"L\u2019\u00d3rimi \u2013 r\u00e9sum\u00e9 de l\u2019histoire\" href=\"https:\/\/www.ayanar.net\/blog\/?p=13\">&#8211; Lire\u00a0le r\u00e9sum\u00e9 quatri\u00e8me de couverture du premier tome<br \/><\/a><a title=\"Contexte de l\u2019histoire\" href=\"https:\/\/www.ayanar.net\/blog\/?p=58\">&#8211; Contexte de l&rsquo;histoire<br \/><\/a><a href=\"https:\/\/www.ayanar.net\/blog\/?p=541\">-Cartes du monde d&rsquo;Ayanar \u00e0 t\u00e9l\u00e9charger<\/a><a title=\"Premiers croquis pour La Voyageuse d\u2019Ayanar\" href=\"https:\/\/www.ayanar.net\/blog\/?p=43\"><br \/>&#8211; Voir des croquis<br \/><\/a><a href=\"https:\/\/www.ayanar.net\/blog\/?p=364\">-Nouveaux dessins des voiliers solaires<\/a><br \/><a href=\"http:\/\/dioramas-et-figurines.fr\/blog\/index.php?post\/2017\/09\/24\/La-voyageuse-d-Ayanar\" target=\"_blank\" rel=\"noopener noreferrer\">-Maquette de Pyros r\u00e9alis\u00e9e en partenariat avec Dioramas &amp; figurines<\/a><br \/><a href=\"https:\/\/www.ayanar.net\/blog\/?p=713\">-Plus de photos des maquettes de Pyros et du voilier solaire<\/a><a title=\"Le pourquoi du comment\" href=\"https:\/\/www.ayanar.net\/blog\/?p=52\"><br \/><\/a><a href=\"https:\/\/www.ayanar.net\/blog\/?p=554\">-Foire aux questions<\/a><\/p>\n<p align=\"justify\"><strong>Pr\u00e9sentation de Zina (micro-nouvelle)<\/strong><br \/><a title=\"Et si on rencontrait ses h\u00e9ros de papier\u00a0?\" href=\"https:\/\/www.ayanar.net\/blog\/?p=24\">&#8211; Et si l&rsquo;on rencontrait ses h\u00e9ros de papier ?<\/a><\/p>\n\n\n<figure class=\"wp-block-image size-large\"><img loading=\"lazy\" decoding=\"async\" width=\"800\" height=\"533\" src=\"https:\/\/www.ayanar.net\/blog\/wp-content\/uploads\/2018\/05\/DSC_1208-export-800.jpg\" alt=\"\" class=\"wp-image-733\" srcset=\"https:\/\/www.ayanar.net\/blog\/wp-content\/uploads\/2018\/05\/DSC_1208-export-800.jpg 800w, https:\/\/www.ayanar.net\/blog\/wp-content\/uploads\/2018\/05\/DSC_1208-export-800-300x200.jpg 300w, https:\/\/www.ayanar.net\/blog\/wp-content\/uploads\/2018\/05\/DSC_1208-export-800-768x512.jpg 768w\" sizes=\"auto, (max-width: 800px) 100vw, 800px\" \/><\/figure>\n","protected":false},"excerpt":{"rendered":"<p>SF (planet-opera) en deux tomes \/ \u00e9ditions NL Numeriklivres \u00c9puis\u00e9s ! R\u00e9\u00e9dition envisag\u00e9e. Un r\u00e9cit \u00e9pique centr\u00e9 sur deux adolescents. L&rsquo;action se joue sur un autre monde, o\u00f9 survivent les civilisations descendantes du peuple des \u00e9toiles.La qu\u00eate d&rsquo;identit\u00e9 de deux adolescents leur fait d\u00e9couvrir les origines de l&rsquo;humanit\u00e9. &#8211; Lire\u00a0le r\u00e9sum\u00e9 quatri\u00e8me de couverture du &hellip; <a href=\"https:\/\/www.ayanar.net\/blog\/?page_id=11\" class=\"more-link\">Continuer la lecture de <span class=\"screen-reader-text\">La Voyageuse d&rsquo;Ayanar<\/span>  <span class=\"meta-nav\">&rarr;<\/span><\/a><\/p>\n","protected":false},"author":1,"featured_media":716,"parent":0,"menu_order":0,"comment_status":"closed","ping_status":"open","template":"","meta":{"footnotes":""},"class_list":["post-11","page","type-page","status-publish","has-post-thumbnail","hentry"],"_links":{"self":[{"href":"https:\/\/www.ayanar.net\/blog\/index.php?rest_route=\/wp\/v2\/pages\/11","targetHints":{"allow":["GET"]}}],"collection":[{"href":"https:\/\/www.ayanar.net\/blog\/index.php?rest_route=\/wp\/v2\/pages"}],"about":[{"href":"https:\/\/www.ayanar.net\/blog\/index.php?rest_route=\/wp\/v2\/types\/page"}],"author":[{"embeddable":true,"href":"https:\/\/www.ayanar.net\/blog\/index.php?rest_route=\/wp\/v2\/users\/1"}],"replies":[{"embeddable":true,"href":"https:\/\/www.ayanar.net\/blog\/index.php?rest_route=%2Fwp%2Fv2%2Fcomments&post=11"}],"version-history":[{"count":98,"href":"https:\/\/www.ayanar.net\/blog\/index.php?rest_route=\/wp\/v2\/pages\/11\/revisions"}],"predecessor-version":[{"id":1255,"href":"https:\/\/www.ayanar.net\/blog\/index.php?rest_route=\/wp\/v2\/pages\/11\/revisions\/1255"}],"wp:featuredmedia":[{"embeddable":true,"href":"https:\/\/www.ayanar.net\/blog\/index.php?rest_route=\/wp\/v2\/media\/716"}],"wp:attachment":[{"href":"https:\/\/www.ayanar.net\/blog\/index.php?rest_route=%2Fwp%2Fv2%2Fmedia&parent=11"}],"curies":[{"name":"wp","href":"https:\/\/api.w.org\/{rel}","templated":true}]}}